210601 (base 7) to base 14.
d338
Convert -1a7 (base 14) to base 4.
-11113
What is 2194 (base 15) in base 12?
414a
Convert 221201002 (base 3) to base 10.
18740
Convert -402 (base 13) to base 8.
-1246
What is 21 (base 10) in base 13?
18
What is -113750 (base 8) in base 6?
-500012
-1000100111110001 (base 2) to base 13
-130c5
What is 6a4 (base 14) in base 13?
7a7
Convert 1525 (base 8) to base 11.
706
Convert 1343420 (base 5) to base 6.
333321
Convert -4230134 (base 5) to base 15.
-15e14
-11841 (base 9) to base 15
-256a
Convert -16787 (base 9) to base 8.
-26475
Convert 954 (base 10) to base 6.
4230
-311024 (base 6) to base 16
-6118
155 (base 10) to base 11
131
5124 (base 11) to base 3
100022221
2916 (base 11) to base 9
5146
-37544 (base 9) to base 15
-7721
12131 (base 5) to base 16
394
1142 (base 11) to base 10
1498
What is -1585 (base 13) in base 15?
-e01
What is 5858 (base 12) in base 15?
2dc5
What is 480 (base 13) in base 12?
550
Convert -200430 (base 8) to base 14.
-19db2
What is -1200022 (base 4) in base 11?
-4695
Convert 192 (base 11) to base 3.
22020
-33e (base 15) to base 8
-1336
What is -15246 (base 7) in base 12?
-2560
What is 220141 (base 5) in base 13?
3586
What is 677 (base 10) in base 7?
1655
What is -16613 (base 8) in base 15?
-2393
1641 (base 9) to base 13
754
What is 2002001102 (base 3) in base 10?
40862
What is 43214 (base 7) in base 3?
112201212
-545e (base 15) to base 11
-12470
What is 341 (base 10) in base 8?
525
Convert 3b9a (base 13) to base 12.
4b69
102545 (base 6) to base 16
20e1
-6222 (base 7) to base 15
-99c
5184 (base 12) to base 16
22b4
-2444100 (base 5) to base 9
-71142
-827 (base 16) to base 2
-100000100111
What is 6646 (base 7) in base 5?
34021
What is -2320 (base 4) in base 11?
-158
23047 (base 12) to base 5
2443321
Convert -b6b (base 13) to base 9.
-2604
1010010001001 (base 2) to base 15
1857
What is 3152 (base 7) in base 15?
4e5
What is 272 (base 13) in base 14?
22b
What is 2132 (base 10) in base 16?
854
What is 84 (base 9) in base 4?
1030
-2110 (base 5) to base 6
-1144
2200102 (base 3) to base 7
5462
Convert -1b52 (base 12) to base 4.
-310232
What is 30345 (base 6) in base 10?
4025
What is 100 (base 7) in base 13?
3a
What is 2100 (base 5) in base 11?
230
What is -6bc (base 15) in base 2?
-10111110111
Convert 971 (base 13) to base 16.
64d
Convert -57 (base 11) to base 8.
-76
1000010100001 (base 2) to base 12
2569
Convert 103104 (base 6) to base 15.
2794
Convert 1101101110000110 (base 2) to base 8.
155606
-2001300 (base 4) to base 9
-12346
Convert 4653 (base 8) to base 6.
15243
What is 550 (base 6) in base 5?
1320
What is -d60 (base 15) in base 12?
-18b3
Convert -403230 (base 5) to base 10.
-12940
-3247 (base 10) to base 15
-e67
What is 8650 (base 11) in base 7?
45215
What is 100110110110 (base 2) in base 5?
34421
-4103 (base 5) to base 11
-440
Convert 1010221 (base 3) to base 2.
1101000011
102012212 (base 3) to base 8
17761
-10002 (base 6) to base 14
-68a
-15165 (base 8) to base 14
-267b
-61 (base 11) to base 12
-57
Convert 610 (base 9) to base 13.
2c1
What is -24391 (base 10) in base 3?
-1020110101
611 (base 13) to base 7
2666
What is -6eda (base 16) in base 13?
-cbbc
What is -1040 (base 15) in base 5?
-102220
1012202 (base 4) to base 16
11a2
Convert 189 (base 13) to base 12.
1b6
Convert -2023 (base 4) to base 11.
-117
13132 (base 4) to base 9
581
Convert 12811 (base 10) to base 4.
3020023
Convert 12102333 (base 4) to base 14.
9583
What is -173 (base 15) in base 5?
-2313
-52160 (base 8) to base 2
-101010001110000
Convert -227 (base 15) to base 7.
-1264
-12111 (base 5) to base 7
-2433
566 (base 7) to base 6
1205
What is 15407 (base 8) in base 5?
210134
-b68 (base 15) to base 5
-40243
1101000101101 (base 2) to base 15
1ebb
233 (base 16) to base 5
4223
5685 (base 16) to base 4
11122011
46c4 (base 13) to base 16
26ea
Convert -31045 (base 7) to base 4.
-1312123
What is 13113103 (base 4) in base 10?
30163
eb (base 16) to base 15
10a
11120 (base 3) to base 9
146
Convert -266a (base 11) to base 6.
-24012
Convert 3033 (base 11) to base 5.
112104
4504 (base 7) to base 2
11001010101
1121211102 (base 3) to base 2
111110011010000
-16820 (base 11) to base 5
-1223432
What is 1001111011100110 (base 2) in base 10?
40678
Convert -3660 (base 9) to base 4.
-222213
What is -20004 (base 5) in base 11?
-a40
What is 111001110110010 (base 2) in base 15?
8b98
-14231 (base 9) to base 7
-40120
What is 26584 (base 10) in base 3?
1100110121
-3a8 (base 11) to base 9
-584
-440 (base 13) to base 8
-1330
6b92 (base 15) to base 3
1011100202
-36311 (base 9) to base 14
-8c06
Convert -1ad3 (base 14) to base 5.
-124024
Convert 18246 (base 11) to base 10.
25581
Convert 44540 (base 10) to base 7.
243566
Convert -a6 (base 16) to base 2.
-10100110
Convert 103443 (base 5) to base 7.
13364
-10203120 (base 4) to base 3
-221120200
What is 610 (base 11) in base 16?
2e1
What is 8149 (base 12) in base 15?
4250
Convert -1020010002 (base 3) to base 7.
-130244
Convert 25308 (base 9) to base 10.
17018
Convert 77 (base 8) to base 9.
70
What is 430 (base 6) in base 5?
1122
225104 (base 6) to base 14
7040
-2010111 (base 3) to base 6
-11104
-1110001100110 (base 2) to base 11
-550a
What is 116 (base 13) in base 10?
188
What is ccd (base 15) in base 8?
5515
-334310 (base 5) to base 12
-6a1a
Convert 3183 (base 10) to base 8.
6157
Convert 2430 (base 5) to base 11.
302
Convert 1120111 (base 3) to base 13.
6a3
Convert 432420 (base 5) to base 7.
60650
Convert -5005 (base 7) to base 9.
-2321
What is 1201100 (base 3) in base 4?
103203
What is -37a (base 13) in base 11?
-503
-1a2 (base 14) to base 15
-178
Convert -376 (base 8) to base 3.
-100102
What is -543b (base 15) in base 13?
-8168
Convert 12220010 (base 3) to base 14.
17cc
-bd (base 16) to base 5
-1224
What is 2184 (base 9) in base 4?
121033
-3553 (base 14) to base 3
-110201220
What is -690 (base 16) in base 5?
-23210
Convert -145423 (base 6) to base 16.
-3777
Convert 296 (base 12) to base 4.
12102
Convert 10101101 (base 2) to base 13.
104
-179 (base 10) to base 2
-10110011
Convert 25512 (base 9) to base 3.
212120102
Convert 210203 (base 5) to base 11.
5229
Convert -637 (base 12) to base 15.
-407
Convert -24a7 (base 12) to base 8.
-10077
1201022 (base 3) to base 11
a37
Convert -c49 (base 16) to base 4.
-301021
What is -979 (base 12) in base 6?
-10233
Convert 9940 (base 11) to base 6.
140412
-120 (base 9) to base 8
-143
1815 (base 13) to base 9
4803
-c44 (base 16) to base 8
-6104
Convert -3422 (base 6) to base 4.
-30212
6253 (base 7) to base 12
132a
-114144 (base 5) to base 6
-31523
What is -32414 (base 6) in base 2?
-1000101111010
Convert -9438 (base 11) to base 5.
-400004
-13826 (base 13) to base 4
-20322320
-2e5 (base 15) to base 12
-475
-11011011 (base 2) to base 7
-432
What is -333 (base 6) in base 11?
-108
What is 26310 (base 7) in base 13?
3267
Convert -1012331 (base 5) to base 2.
-100000011001111
What is -1011110010 (base 2) in base 8?
-1362
-644 (base 9) to base 7
-1351
Convert 12614 (base 9) to base 3.
102200111
-36486 (base 12) to base 13
-2745c
What is 439 (base 13) in base 3?
222211
Convert -1143244 (base 5) to base 3.
-1002202200
159 (base 12) to base 13
135
3313 (base 10) to base 3
11112201
What is 300212 (base 4) in base 16?
c26
Convert 20332 (base 4) to base 8.
1076
Convert 1212 (base 4) to base 13.
7b
Convert -127c1 (base 14) to base 7.
-246331
What is -4311 (base 6) in base 3?
-1100021
-2048 (base 12) to base 9
-4732
-7562 (base 13) to base 16
-3fb0
171 (base 14) to base 13
199
Convert -7466 (base 9) to base 12.
-3213
What is 45776 (base 8) in base 5?
1110304
Convert 214432 (base 5) to base 11.
56a1
What is -8a (base 11) in base 16?
-62
-131204 (base 6) to base 2
-10111010110100
3702 (base 9) to base 7
11015
Convert 212112 (base 4) to base 9.
3326
327 (base 10) to base 9
403
-22010120 (base 3) to base 5
-142203
Convert ab2 (base 14) to base 10.
2116
What is 6660 (base 11) in base 4?
2021022
Convert 1110100000 (base 2) to base 9.
1241
Convert -2ae4 (base 16) to base 4.
-2223210
What is -11101111111011 (base 2) in base 8?
-35773
What is -505 (base 11) in base 5?
-4420
100111001110 (base 2) to base 10
2510
4174 (base 13) to base 7
35251
22054 (base 12) to base 3
2021201101
100122112 (base 3) to base 15
2